{"id":3,"date":"2023-02-23T15:46:16","date_gmt":"2023-02-23T15:46:16","guid":{"rendered":"https:\/\/gped-jahrbuch.de\/?page_id=3"},"modified":"2023-02-23T16:21:42","modified_gmt":"2023-02-23T16:21:42","slug":"privacy-policy","status":"publish","type":"page","link":"https:\/\/gped-jahrbuch.de\/?page_id=3","title":{"rendered":"Impressum"},"content":{"rendered":"\n<p>Gesellschaft f\u00fcr Philosophie- und Ethikdidaktik e.V.<br>Vereinsvorstand: Prof. Dr. Philipp Richter (Vorsitzender), Prof. Dr. Minkyung Kim (erste stellvertretende Vorsitzende), Prof Dr. Christian Thein (zweiter stellvertretender Vorsitzender), Dr. Markus Bohlmann (Gesch\u00e4ftsf\u00fchrer), Meike Neuhaus (Beisitzender aus der schulischen Praxis), Melanie F\u00f6rg (Beisitzende aus dem wissenschaftlichen Nachwuchs)<br>Warendorferstrasse 114a, 48145 M\u00fcnster<\/p>\n\n\n\n<p>E-Mail-Adresse: info@gped.de<br>Vereinsnummer: 6027 (Amtsgericht M\u00fcnster)<\/p>\n\n\n\n<p>Verantwortlich f\u00fcr den Inhalt: Dr. Markus Bohlmann<\/p>\n\n\n\n<p>Plattform der Europ\u00e4ischen Kommission zur Online-Streitbeilegung (OS) f\u00fcr Verbraucher:&nbsp;<a href=\"https:\/\/ec.europa.eu\/consumers\/odr\/\" target=\"_blank\" rel=\"noreferrer noopener\">https:\/\/ec.europa.eu\/consumers\/odr\/<\/a>. Wir sind nicht bereit und nicht verpflichtet an einem Streitbeilegungsverfahren vor einer Verbraucherschlichtungsstelle teilzunehmen.<\/p>\n","protected":false},"excerpt":{"rendered":"<p>Gesellschaft f\u00fcr Philosophie- und Ethikdidaktik e.V.Vereinsvorstand: Prof. Dr. Philipp Richter (Vorsitzender), Prof. Dr. Minkyung Kim (erste stellvertretende Vorsitzende), Prof Dr. Christian Thein (zweiter stellvertretender Vorsitzender), Dr. Markus Bohlmann (Gesch\u00e4ftsf\u00fchrer), Meike Neuhaus (Beisitzender aus der schulischen Praxis), Melanie F\u00f6rg (Beisitzende aus &hellip; <a href=\"https:\/\/gped-jahrbuch.de\/?page_id=3\">Weiterlesen <span class=\"meta-nav\">&rarr;<\/span><\/a><\/p>\n","protected":false},"author":1,"featured_media":0,"parent":0,"menu_order":5,"comment_status":"closed","ping_status":"open","template":"","meta":[],"_links":{"self":[{"href":"https:\/\/gped-jahrbuch.de\/index.php?rest_route=\/wp\/v2\/pages\/3"}],"collection":[{"href":"https:\/\/gped-jahrbuch.de\/index.php?rest_route=\/wp\/v2\/pages"}],"about":[{"href":"https:\/\/gped-jahrbuch.de\/index.php?rest_route=\/wp\/v2\/types\/page"}],"author":[{"embeddable":true,"href":"https:\/\/gped-jahrbuch.de\/index.php?rest_route=\/wp\/v2\/users\/1"}],"replies":[{"embeddable":true,"href":"https:\/\/gped-jahrbuch.de\/index.php?rest_route=%2Fwp%2Fv2%2Fcomments&post=3"}],"version-history":[{"count":1,"href":"https:\/\/gped-jahrbuch.de\/index.php?rest_route=\/wp\/v2\/pages\/3\/revisions"}],"predecessor-version":[{"id":8,"href":"https:\/\/gped-jahrbuch.de\/index.php?rest_route=\/wp\/v2\/pages\/3\/revisions\/8"}],"wp:attachment":[{"href":"https:\/\/gped-jahrbuch.de\/index.php?rest_route=%2Fwp%2Fv2%2Fmedia&parent=3"}],"curies":[{"name":"wp","href":"https:\/\/api.w.org\/{rel}","templated":true}]}}