{"id":16,"date":"2023-02-23T15:50:57","date_gmt":"2023-02-23T15:50:57","guid":{"rendered":"https:\/\/gped-jahrbuch.de\/?page_id=16"},"modified":"2025-10-20T13:30:48","modified_gmt":"2025-10-20T13:30:48","slug":"herausgeber-und-redakteure","status":"publish","type":"page","link":"https:\/\/gped-jahrbuch.de\/?page_id=16","title":{"rendered":"Herausgeber und Redakteure"},"content":{"rendered":"\n<p>Alexander Br\u00f6dner (FU Berlin)<\/p>\n\n\n\n<p>Annika von L\u00fcpke (PH Karlsruhe)<\/p>\n\n\n\n<p>Tom Wellmann (PH Heidelberg)<\/p>\n\n\n\n<p>Ellen M\u00f6ller (Bergische Universit\u00e4t Wuppertal)<\/p>\n","protected":false},"excerpt":{"rendered":"<p>Alexander Br\u00f6dner (FU Berlin) Annika von L\u00fcpke (PH Karlsruhe) Tom Wellmann (PH Heidelberg) Ellen M\u00f6ller (Bergische Universit\u00e4t Wuppertal)<\/p>\n","protected":false},"author":1,"featured_media":0,"parent":0,"menu_order":3,"comment_status":"closed","ping_status":"closed","template":"","meta":[],"_links":{"self":[{"href":"https:\/\/gped-jahrbuch.de\/index.php?rest_route=\/wp\/v2\/pages\/16"}],"collection":[{"href":"https:\/\/gped-jahrbuch.de\/index.php?rest_route=\/wp\/v2\/pages"}],"about":[{"href":"https:\/\/gped-jahrbuch.de\/index.php?rest_route=\/wp\/v2\/types\/page"}],"author":[{"embeddable":true,"href":"https:\/\/gped-jahrbuch.de\/index.php?rest_route=\/wp\/v2\/users\/1"}],"replies":[{"embeddable":true,"href":"https:\/\/gped-jahrbuch.de\/index.php?rest_route=%2Fwp%2Fv2%2Fcomments&post=16"}],"version-history":[{"count":7,"href":"https:\/\/gped-jahrbuch.de\/index.php?rest_route=\/wp\/v2\/pages\/16\/revisions"}],"predecessor-version":[{"id":65,"href":"https:\/\/gped-jahrbuch.de\/index.php?rest_route=\/wp\/v2\/pages\/16\/revisions\/65"}],"wp:attachment":[{"href":"https:\/\/gped-jahrbuch.de\/index.php?rest_route=%2Fwp%2Fv2%2Fmedia&parent=16"}],"curies":[{"name":"wp","href":"https:\/\/api.w.org\/{rel}","templated":true}]}}